
9
What is the highest common factor of 88 and 1078?
22
What is the highest common divisor of 138 and 230?
46
Calculate the highest common divisor of 22454 and 206.
206
Calculate the greatest common divisor of 15 and 405.
15
Calculate the highest common divisor of 145 and 2465.
145
Calculate the highest common divisor of 2282 and 84.
14
What is the highest common divisor of 308 and 56?
28
Calculate the greatest common divisor of 255 and 1173.
51
Calculate the greatest common divisor of 4 and 8.
4
What is the highest common factor of 9 and 2529?
9
What is the greatest common divisor of 40 and 1220?
20
What is the greatest common divisor of 6 and 33?
3
What is the highest common factor of 22 and 12?
2
What is the greatest common divisor of 169 and 299?
13
Calculate the highest common divisor of 3591 and 14.
7
Calculate the highest common factor of 20 and 85.
5
Calculate the greatest common factor of 249 and 15.
3
What is the highest common factor of 548 and 6987?
137
Calculate the highest common divisor of 6001 and 238.
17
What is the highest common divisor of 18 and 9306?
18
Calculate the greatest common factor of 43087 and 11.
11
What is the highest common divisor of 594 and 4356?
198
What is the greatest common factor of 3 and 9?
3
Calculate the highest common divisor of 44 and 5962.
22
Calculate the highest common factor of 1323 and 1008.
63
Calculate the greatest common factor of 26 and 15782.
26
Calculate the greatest common divisor of 40 and 15880.
40
Calculate the greatest common divisor of 880 and 55.
55
Calculate the highest common divisor of 33 and 2453.
11
Calculate the highest common divisor of 4215 and 15.
15
Calculate the highest common divisor of 324 and 180.
36
Calculate the greatest common divisor of 38 and 3914.
38
What is the highest common divisor of 8 and 724?
4
Calculate the greatest common factor of 75 and 195.
15
Calculate the highest common factor of 68 and 3298.
34
What is the highest common divisor of 14 and 322?
14
Calculate the highest common factor of 208 and 546.
26
What is the greatest common factor of 12 and 48?
12
Calculate the highest common factor of 2376 and 616.
88
What is the greatest common divisor of 22542 and 234?
78
Calculate the highest common factor of 1552 and 3686.
194
What is the highest common divisor of 19034 and 62?
62
Calculate the highest common factor of 376 and 56.
8
What is the greatest common factor of 1073 and 232?
29
What is the highest common divisor of 96 and 24?
24
Calculate the highest common divisor of 495 and 105.
15
Calculate the greatest common divisor of 18 and 342.
18
Calculate the greatest common divisor of 110 and 22.
22
Calculate the highest common factor of 85 and 68.
17
Calculate the highest common factor of 41340 and 15.
15
Calculate the highest common divisor of 1340 and 20.
20
Calculate the greatest common factor of 3 and 504.
3
Calculate the greatest common divisor of 133 and 76.
19
Calculate the greatest common divisor of 25176 and 12.
12
What is the highest common factor of 16 and 976?
16
Calculate the greatest common factor of 123 and 41533.
41
Calculate the highest common divisor of 78 and 169.
13
Calculate the greatest common divisor of 1752 and 12.
12
What is the greatest common divisor of 473 and 187?
11
Calculate the greatest common divisor of 1685 and 5.
5
What is the greatest common factor of 52 and 572?
52
Calculate the greatest common factor of 6 and 1965.
3
Calculate the highest common divisor of 4 and 662.
2
Calculate the greatest common divisor of 220 and 88.
44
Calculate the highest common factor of 2430 and 324.
162
What is the greatest common divisor of 568 and 639?
71
Calculate the greatest common divisor of 186 and 1209.
93
Calculate the highest common factor of 19 and 1121.
19
Calculate the highest common divisor of 18 and 2385.
9
What is the highest common factor of 209 and 11?
11
What is the greatest common divisor of 936 and 48?
24
What is the greatest common factor of 414 and 23?
23
Calculate the highest common divisor of 86 and 559.
43
Calculate the highest common divisor of 8940 and 60.
60
What is the greatest common divisor of 220 and 9856?
44
What is the greatest common divisor of 1824 and 360?
24
Calculate the highest common factor of 861 and 2091.
123
Calculate the highest common divisor of 48 and 16.
16
Calculate the highest common factor of 10818 and 36.
18
Calculate the highest common divisor of 180 and 100.
20
Calculate the highest common divisor of 4838 and 826.
118
What is the greatest common divisor of 28 and 49?
7
Calculate the greatest common factor of 61 and 549.
61
What is the highest common factor of 820 and 1120?
20
Calculate the greatest common divisor of 365 and 10.
5
Calculate the greatest common factor of 475 and 19.
19
What is the greatest common divisor of 750 and 54?
6
What is the greatest common factor of 154 and 44?
22
Calculate the highest common factor of 979 and 178.
89
Calculate the highest common factor of 156 and 13.
13
What is the greatest common divisor of 41 and 11521?
41
Calculate the highest common divisor of 184 and 23.
23
Calculate the highest common divisor of 315 and 135.
45
Calculate the greatest common divisor of 14 and 756.
14
Calculate the greatest common factor of 15 and 960.
15
What is the highest common factor of 418 and 22?
22
Calculate the greatest common divisor of 282 and 235.
47
Calculate the highest common divisor of 77345 and 155.
155
What is the highest common divisor of 264 and 9592?
88
Calculate the greatest common divisor of 351 and 2327.
13
What is the greatest common factor of 7 and 623?
7
What is the highest common divisor of 1081 and 47?
47
What is the highest common divisor of 68 and 34?
34
Calculate the greatest common factor of 72 and 99.
9
Calculate the greatest common factor of 60 and 2180.
20
What is the highest common divisor of 44 and 110?
22
What is the greatest common factor of 48 and 3504?
48
What is the highest common factor of 440 and 352?
88
What is the greatest common divisor of 12276 and 93?
93
What is the highest common factor of 375 and 9?
3
Calculate the highest common divisor of 136 and 85.
17
What is the highest common factor of 259 and 14?
7
What is the highest common divisor of 27 and 115803?
27
Calculate the greatest common factor of 8 and 76.
4
What is the highest common divisor of 4 and 2524?
4
Calculate the highest common divisor of 92 and 4.
4
Calculate the highest common divisor of 175 and 25.
25
What is the highest common divisor of 80 and 65?
5
What is the highest common divisor of 9200 and 300?
100
What is the greatest common factor of 70 and 810?
10
What is the highest common divisor of 4899 and 213?
213
Calculate the highest common factor of 1452 and 44.
44
Calculate the highest common divisor of 2260 and 20.
20
What is the highest common factor of 1472 and 1012?
92
Calculate the highest common divisor of 3799 and 58.
29
Calculate the greatest common divisor of 247 and 4997.
19
What is the highest common factor of 19625 and 157?
157
What is the highest common factor of 260 and 7475?
65
What is the highest common factor of 5230 and 10?
10
What is the highest common factor of 153 and 9?
9
Calculate the highest common divisor of 85 and 35.
5
What is the greatest common factor of 147 and 189?
21
Calculate the greatest common factor of 640 and 620.
20
What is the highest common factor of 320 and 200?
40
What is the highest common divisor of 630 and 70?
70
What is the highest common divisor of 3400 and 30?
10
Calculate the highest common factor of 14219 and 241.
241
Calculate the highest common factor of 336 and 42.
42
What is the highest common divisor of 154 and 539?
77
What is the highest common divisor of 1297 and 1?
1
What is the highest common divisor of 44 and 143?
11
Calculate the highest common divisor of 182 and 98.
14
What is the highest common divisor of 32 and 12384?
32
Calculate the greatest common divisor of 4224 and 330.
66
Calculate the greatest common factor of 150 and 6.
6
What is the greatest common factor of 84 and 12957?
21
What is the highest common factor of 11970 and 420?
210
Calculate the greatest common divisor of 4605 and 10.
5
Calculate the greatest common factor of 25 and 200.
25
Calculate the highest common factor of